s the units digit of x?
6
Suppose -44 + 52 = 4*u. Suppose u*b - 2 = 0, f - 6*f + 78 = -2*b. What is the tens digit of f?
1
Suppose 4*r = -12, -4*r + r = 3*y + 6. What is the units digit of (-2 - (1 - y)) + (-360)/(-15)?
2
Let q = 9 + -9. Suppose q = -j + 16 + 11. What is the units digit of j?
7
Suppose 15 = 5*a - 0. Suppose 3*b = -a*u + 4*u - 70, -2*b + 60 = u. Suppose 3*m = u + 83. What is the units digit of m?
9
Suppose -3876 = -2*u + 2*h, 5*u - h - 9089 = 585. What is the hundreds digit of u?
9
Let z(s) = -304*s**3 - 23*s**2 - 44*s. What is the units digit of z(-2)?
8
Let a(x) = 4*x + 71. Suppose 10*f = 3*f. What is the units digit of a(f)?
1
Let u be 7 + 4*1/2. Let c(n) = -2*n**2 - 11*n - 4. Let a(t) = 5*t**2 + 23*t + 7. Let k(i) = u*c(i) + 4*a(i). What is the tens digit of k(6)?
2
Suppose -6*i + 45 = -8*i - 5*c, 0 = 4*i + c + 81. Let m(v) = 2*v**2 + 3*v + 1. Let u be m(3). Let q = i + u. What is the units digit of q?
8
Let w = -26 - -39. Let p = w - 11. Suppose p*j = -0*j - 2*y + 20, 5*j - 5*y = 100. What is the units digit of j?
5
Suppose 5*y - 66 = -6*y. What is the units digit of y?
6
Suppose -1 - 263 = 2*c. Let k = -49 - c. What is the tens digit of k?
8
Let c be (-4)/(-12) - 6340/(-15). Suppose 0 = 4*n - 3*t - c, 2*t + 16 + 402 = 4*n. What is the hundreds digit of n?
1
Let n be (-59)/(-2) + 8/(48/(-9)). Suppose f = 2*f. Suppose f = 5*q - 47 - n. What is the tens digit of q?
1
Let t(z) = -z**2 + 4*z + 25. Let r be t(-9). Let q = 164 - 31. Let p = r + q. What is the tens digit of p?
4
Suppose -n = -3*r + 8*r - 27, -17 = -n - 3*r. Suppose p = -n*p + 15. Suppose p*x - 98 = -33. What is the units digit of x?
3
Suppose -5*k - 48 = 57. Let q be ((-8)/3)/(k/63). Let i(s) = -s**2 + 14*s - 11. What is the units digit of i(q)?
7
Let a be 10944/30 + (6/5 - 2). Suppose 0 = 7*u - 0*u - a. What is the units digit of u?
2
Let f(n) = -2*n**3 - 10*n**2 - 8*n - 2. Let j be f(-6). Let u = j - 74. What is the units digit of u?
4
Suppose 0 = -5*c - 2*g + g + 2857, -3*c + 1719 = 3*g. What is the tens digit of c?
7
Let c = -79 - -74. What is the units digit of c + 5 - (-247)/(3 + -2)?
7
Let c(w) be the first derivative of 1/4*w**4 + 5*w**2 + 10/3*w**3 - 1 + 4*w. What is the tens digit of c(-8)?
5
Let n = 26 + -23. Let b be (-30)/(-4) - n/6. Let l = 22 - b. What is the units digit of l?
5
Suppose 18*f - 24125 = 52609. What is the units digit of f?
3
Let p = 13 - 27. Let h = -11 - p. Suppose -h*i + i + 66 = 0. What is the units digit of i?
3
Let k(w) = -5*w**2 - 3 + 3 - w**3 - 3*w + w. Let v be k(-6). Suppose -3*c + v = -0*c. What is the tens digit of c?
1
What is the units digit of 8665/20 - 27/(-36)?
4
Let k be (-4)/(-2) - (-3 + 1). Suppose 0 = 5*l + k - 59. What is the units digit of l?
1
What is the tens digit of -6 + 32 + -8 + 3?
2
Suppose z = 9 - 5. Suppose 2*h - 3*x = 120, z*h - 3*h + x - 65 = 0. What is the tens digit of h?
6
Suppose 0 = 4*h - 5*x - 630 - 943, -h + 406 = 3*x. What is the tens digit of h?
9
Let f(i) = 5*i - 1. Let m be f(-1). Let k(p) = -p**3 - 3*p**2 + 8*p - 8. What is the units digit of k(m)?
2
What is the hundreds digit of 0/3 - -2 - (-426 - -36)?
3
Let a be -17 + -6*(-3)/(-6). Let n be a/6*(-108)/15. Suppose -51 = -3*c - 4*b, -2*c - 4*b + n = -6. What is the tens digit of c?
2
Suppose 4*r + 141437 = 71*r. What is the units digit of r?
1
Let d(t) = -24*t - 114. What is the units digit of d(-6)?
0
What is the hundreds digit of 6/15*8590/2?
7
Suppose -100*m = -102*m + 702. What is the tens digit of m?
5
Let z(c) = -2*c + 8. Let g be (48/(-28))/((-6)/(-63)). Let m be z(g). What is the units digit of 5/(10/(-8)) + m?
0
Let k be (-35)/14*(0 - (-44)/(-10)). Suppose 343 = k*v - 4*v. What is the units digit of v?
9
Let h be 4/(-12)*-3 + 4. Suppose h*w + o - 152 = 0, 5*o = -1 + 11. Let i = -8 + w. What is the tens digit of i?
2
Let v = -58 + 62. Let i be (0 - -1)*(4 - -37). Let b = i + v. What is the tens digit of b?
4
Suppose -62 = -3*s - 41. Suppose s*t + 1220 = 17*t. What is the units digit of t?
2
Let q(t) = 11*t + 9. Let o(r) = r. Let x(f) = o(f) - q(f). What is the units digit of x(-8)?
1
Let f(u) be the first derivative of -u**3/3 - 8*u**2 + 13*u + 6. What is the tens digit of f(-10)?
7
Suppose -3*h - 3*p + 6525 = 0, -32*p = -4*h - 28*p + 8684. What is the thousands digit of h?
2
Suppose 3*j + a + 8 = -3, 0 = 5*j + 3*a + 21. Let z be 1 + 3*(-1)/j. Suppose z*g - 5*l - 90 = 0, 3*g = 3*l + 128 + 16. What is the tens digit of g?
5
Suppose -6*i + 5*i = q - 1293, 5175 = 4*i + q. What is the thousands digit of i?
1
Let o(i) = -i**3 - 3*i**2 - 7*i - 8. Suppose 2*t + 3 = -5. What is the tens digit of o(t)?
3
Let o(x) = -2*x**2 + 6. Let t(m) = -m**2 + 6*m - 3. Let c be t(4). Let l be o(c). Let f = 82 + l. What is the tens digit of f?
3
Let c be 6/(-10) - (-968)/55. Let n(l) = -7*l + l + c + 9 - 7. What is the tens digit of n(-6)?
5
Let o(q) = -7*q**3 - 36*q**2 - q + 10. What is the tens digit of o(-7)?
5
Suppose 3*i = 0, 4*g + 80 = -g - 5*i. What is the hundreds digit of g/20*1830/(-12)?
1
Suppose 0 = 15*z - 11*z + 68. Let y(m) = -m**2 - 23*m + 22. What is the tens digit of y(z)?
2
Let j = -5267 - -2279. What is the units digit of j/(-48) + 1/8*-2?
2
Suppose 30459 = -2*v + 35*v. What is the units digit of v?
3
Let b be (-1)/((-2 + 4)/(-122)). Let s = 87 - b. What is the units digit of 4/((-4)/4) + s?
2
Suppose l - 284 = -2*a, 4*a - 3*a - 562 = -2*l. What is the units digit of l?
0
Suppose -779*o + 775 = -778*o. What is the hundreds digit of o?
7
Let y(n) = -n**3. Let q(l) = 5*l**3 - 6*l**2 + 7*l + 2. Let o(g) = q(g) + 6*y(g). Suppose -j + 35 = -6*j. What is the units digit of o(j)?
2
Let o(n) be the second derivative of n**3/3 + 17*n**2 + 19*n. What is the units digit of o(9)?
2
Let r be 2/4 - 2/4. Let h(c) = r - 10 - c - c. What is the tens digit of h(-13)?
1
Let o(m) = 4*m - 8*m - 31 + 1. What is the units digit of o(-12)?
8
Let o(d) = 2*d**3 + 11*d**2 + 5*d + 5. Let y be o(-5). Suppose -3*w + 113 = -y*u, -4 - 31 = -w + u. What is the tens digit of w?
3
Let p(w) = 2*w**2 + 10*w - 23. Let j be p(-9). Let i = 60 - j. What is the tens digit of i?
1
Let a(u) = -115*u + 2. Let v be a(-1). Suppose 0 = 3*z - v - 72. Let d = z - 30. What is the units digit of d?
3
Suppose 2*a - 5*q - 411 = 0, 0 = -2*q - 0 + 2. Let m = a + 19. What is the units digit of m?
7
What is the units digit of (-28 - -4)/(-4) - -464?
0
Let z be 12/18*1/((-3)/(-540)). What is the units digit of z/16*(-2 - -14)?
0
Let k be (45 - -2)*(-4 + 5) - -4. Suppose 2*d + f + 19 = 118, -k = -d - f. What is the units digit of d?
8
Let l(r) = 2*r**3 - 2*r**2 - 21*r + 148. What is the units digit of l(9)?
5
Suppose 10364 = 8*y + 3228. What is the units digit of y?
2
Let f(g) be the second derivative of g**4/12 - 3*g**2 + 7*g. Let s be f(-3). Suppose s*b - 2*b - 3 = 0. What is the units digit of b?
3
Let q = -629 + 1276. What is the tens digit of q?
4
Let v = 13 + -14. Let r = -8 + 2. What is the tens digit of 177*v/(r/2)?
5
Suppose 77 + 131 = 2*a + 4*w, 4*a + 5*w - 404 = 0. Let d be (-1 - -4) + 1 - a. Let t = d - -162. What is the tens digit of t?
7
Let k(s) = -s**2 + 2*s + 10. Let u be k(-5). Let j = u + 46. Let l = j + 5. What is the units digit of l?
6
Let o(h) = h**3 - 7*h**2 + 8*h + 6. Let x = 17 - 11. What is the units digit of o(x)?
8
Suppose 0 = -2*d - d - 15. Let g = 0 - d. Suppose 4*k - g*p - 129 = -6*p, p - 1 = 0. What is the units digit of k?
2
Let o(q) = 17*q**2 - 20*q + 121. What is the hundreds digit of o(5)?
4
Let y(u) = 2*u + 24. Let w be y(-11). Suppose -5*s = w*m + 3*m - 155, 50 = 2*m - s. What is the units digit of m?
7
Let r(z) = z**3 + 18*z**2 + 6*z + 15. Let l be r(-6). What is the units digit of 1/(5/(-2)) - l/(-15)?
7
Suppose -64*h + 910 = -51*h. What is the tens digit of h?
7
Let d(v) = 25*v. Suppose 28 = 2*k - 5*w, 0*k + 4*k - 5*w = 36. Suppose k = -n + 7. What is the units digit of d(n)?
5
Let t be (-5)/((-20)/3)*104. Suppose 5*c - 4 = c, -4*r = -2*c - t. What is the units digit of r?
0
Let x = -4277 - -6060. What is the hundreds digit of x?
7
Let g(i) = 654*i**3 + 5*i**2 - 13*i + 3. What is the thousands digit of g(2)?
5
Let j(y) = 52*y**3 - 5*y**2 + y + 2. What is the tens digit of j(3)?
6
Let q = 12 - 27. Let s = 19 + q. Suppose s*w - 333 + 125 = 0. What is